 41. Suppose -l*x = -9, -x - 12 = 2*z + 11. Let f = z - -27. List the prime factors of f.
2, 7
Let x(h) = -h - 8. Let z = -54 - -42. Let t be x(z). Suppose 19 = t*u - 29. What are the prime factors of u?
2, 3
Suppose -181*k = -182*k - 5*p + 2393, 5*k + 3*p - 12009 = 0. List the prime factors of k.
3, 89
Let z = 199 - -550. Suppose -11813 = -24*i - z. List the prime factors of i.
461
Suppose 4*c + 2*h = 146594, -73287 = 11*c - 13*c + h. What are the prime factors of c?
2, 73, 251
What are the prime factors of -17 - -2073 - (-52)/4?
2069
Suppose o + 3*k - 12546 = 0, -1360*o - 2*k + 12543 = -1359*o. What are the prime factors of o?
3, 7, 199
Let z(b) be the third derivative of 307*b**5/60 - b**4/24 - b**3/3 - 36*b**2. List the prime factors of z(-1).
2, 3, 17
Let h be (16/6)/4*(-3 - -6). Suppose -h*l - 92 = -4*g, 64 - 246 = 3*l + 5*g. Let f = -32 - l. List the prime factors of f.
2, 11
Suppose -369261 = 202*o - 9368967. What are the prime factors of o?
3, 14851
Let f = 7718 - 5987. List the prime factors of f.
3, 577
Let m(x) = x**2 + 9*x + 36. Let s = 98 - 121. What are the prime factors of m(s)?
2, 179
What are the prime factors of (2/(-4) - -2)/(-3) - 7492365/(-342)?
19, 1153
Let p = -135 + 324. Let j = -143 + p. List the prime factors of j.
2, 23
Suppose 4*y - 196 = -3*m + 7*m, -147 = -3*y - 4*m. List the prime factors of 3033/7 - ((-525)/y + 11).
433
Let h(r) = 899*r - 7. Suppose 2*l + 10 = 4*o, -4*l = l + o - 8. What are the prime factors of h(l)?
2, 223
Let z(x) = 1963*x + 993. What are the prime factors of z(3)?
2, 3, 31, 37
Suppose -2*g - 5*x + 31850 = 0, 4*g + 11*x - 12*x = 63656. List the prime factors of g.
3, 5, 1061
Let v(q) = 8*q + 5*q**2 + 0*q**2 - q**3 + 1 - 3*q**2 + 6. What are the prime factors of v(-7)?
2, 7
Let t(x) = 7*x + 44. Let j be t(-6). Suppose 0 = -j*v + 47 + 1. List the prime factors of v.
2, 3
List the prime factors of 15182/8*(21 + 24 + -29).
2, 7591
Suppose -53*s + 1455979 = -126548. List the prime factors of s.
3, 37, 269
List the prime factors of 102/(-8)*7/((-147)/364).
13, 17
Let k(o) = 9*o**2 + 31*o - 276. List the prime factors of k(21).
2, 3, 181
Let b = -58 - -60. Suppose 224 = b*f + 3*y, 2*y = 3*f - 3*y - 298. List the prime factors of f.
2, 53
Let t be ((-130)/15)/(-2) - 4/(-6). Suppose -2*r = t*z - 1286, 3*r + z - 1929 = -2*z. What are the prime factors of r?
643
Suppose -f = 9 - 4. What are the prime factors of (f - (-17)/3)/((-2)/(-345))?
5, 23
Suppose 1335*n - 20099 = -q + 1339*n, q - 5*n = 20100. What are the prime factors of q?
5, 4019
Suppose -4*i = 5*i - 306. Let y = -30 + i. Let s(o) = 6*o**2 - 8*o - 3. List the prime factors of s(y).
61
Suppose 2097 = -17*o + 55324. List the prime factors of o.
31, 101
List the prime factors of -25 - -10 - (-21631 - -4).
2, 3, 1801
Let y = 19 - 19. Suppose 4*n + 17 = 5, y = -2*s - 5*n - 5. Suppose -s*f = -2*j - j - 29, 2*j - 14 = -5*f. What are the prime factors of f?
2
Suppose -2*z = -3*b + 56, 4*b + 2*z = z + 93. Let u = b - -5. List the prime factors of u.
3
Let k be 4845/38*28/6. Let r be (1 - 2)/((-3)/(-1041)). Let a = k + r. List the prime factors of a.
2, 31
Let y(r) = 123*r**2 - 12*r + 6. List the prime factors of y(2).
2, 3, 79
Suppose -3*r - 1 = 4*q, -2*q - 3*r = -4 + 9. Suppose -4*c + 208 = 5*p, q*p = -5*c - 83 + 343. What are the prime factors of c?
2, 13
Let k(v) be the second derivative of v**3/6 + 4*v**2 - 21*v. Let o be k(-5). Suppose -5*u - h = -1285, -o*h = u + u - 527. What are the prime factors of u?
2
Let u be (878/8 + 2)*(-112)/(-21). Suppose -3*a + 148 + u = 0. What are the prime factors of a?
2, 31
Let f(p) be the first derivative of 13*p**2 + 345*p - 93. What are the prime factors of f(0)?
3, 5, 23
Let x(u) = u**3 - 18*u**2 - 20*u + 21. Let m(f) = 2*f**2 - f + 4. Let p be m(3). Let q be x(p). Suppose 4*n = q*n + 54. List the prime factors of n.
3
Let c(a) = 53*a**2 - 209*a + 41. What are the prime factors of c(-16)?
3, 5651
Let l = 22668 + -11305. List the prime factors of l.
11, 1033
Let d be (-2)/3 - (-1392)/9. Let k = d + 34. What are the prime factors of k?
2, 47
Let x(g) = g**3 - 2*g**2 - 2*g - 1. Let q = 2 - 3. Let u be x(q). List the prime factors of 2 + 2 - (-72)/(-3)*u.
2, 13
Suppose 140 = 5*v + 105, -4*p = 3*v - 5289. List the prime factors of p.
3, 439
Suppose 2*d = -4*d. What are the prime factors of d + 3/9 - (-2634)/9?
293
Let i be ((-5)/10*59)/(2/(-36)). Suppose 2*s - 13 + 7 = 0. Suppose 4*a - 786 = -3*u, -u - i = -s*u - 5*a. List the prime factors of u.
2, 3, 43
Suppose -502*f = -504*f - 3*n + 152854, -f = 4*n - 76442. What are the prime factors of f?
2, 19, 2011
Let b(h) = h**3 + 63*h**2 + 10*h + 82. List the prime factors of b(-47).
2, 3, 971
Let k be (-1 - -8)*(-8)/(-28). Suppose 16 = 3*a - k. List the prime factors of ((-2)/a*-1)/((-18)/(-270)).
5
Let z(m) be the third derivative of -m**4/24 + m**3/3 - 12*m**2. Let u be z(6). List the prime factors of 1*(42 + (0 - u)).
2, 23
Let n = -850 - -2091. Suppose -5*r = -n - 289. What are the prime factors of r?
2, 3, 17
Let g(c) = 37*c - 58*c + 69 - 44*c. List the prime factors of g(-12).
3, 283
What are the prime factors of 85*(44/154 + (-3564)/(-70))?
2, 17
Let b = -7846 - -11538. What are the prime factors of b?
2, 13, 71
Let h = -79 - -79. Let f be -5 + (10 - h) - 2. Suppose -f*k = -3, 0 = -0*p - p + 2*k + 251. List the prime factors of p.
11, 23
Let b(l) = l + 19. Let c be b(19). Let h = -36 + c. Suppose 0 = h*g - 4*j - 176, -2*g + 188 + 2 = 3*j. What are the prime factors of g?
2, 23
Let q = -9 + 11. Suppose 0 = q*g + 4*d, 0*d = 2*g - 2*d - 6. Suppose 0*m = 2*m + 2*w - 260, -g*w = -m + 145. List the prime factors of m.
3, 5
Suppose 2*n + 2*u + 6 = -2*n, -4*n - 21 = -u. Let t(d) = 22*d**2 + 11*d + 42. List the prime factors of t(n).
2, 5, 7
Let s(j) = -835*j + 5. Let c be s(-3). Let l = c + -1684. List the prime factors of l.
2, 7, 59
Let d be (2116/(-6))/((-1)/3). List the prime factors of 16608/23 - 92/d.
2, 19
Suppose 5*t + 8*s = 3*s + 1860, -2*s - 1488 = -4*t. Suppose -v + 3 = -2*l + 264, 3*l = -5*v + t. What are the prime factors of l?
3, 43
Let z(w) = -2*w**3 - 28*w**2 - 27*w - 166. What are the prime factors of z(-19)?
3, 1319
Let w(m) = -5*m**3 + 30*m**2 - 38*m - 99. Let a(y) = 12*y**3 - 61*y**2 + 75*y + 197. Let z(l) = 3*a(l) + 7*w(l). What are the prime factors of z(-27)?
3, 5, 67
Let k = 103 + 531. Suppose -k - 3263 = -3*y. List the prime factors of y.
3, 433
Let f = 6479 - 3427. What are the prime factors of f?
2, 7, 109
List the prime factors of (-2637)/586*(1 - 3 - (-112)/(-3)).
3, 59
Suppose 19*s - 116485 = 121756. Suppose -8*l = -s - 1245. List the prime factors of l.
1723
Suppose 7216 = 2*t - 4330. What are the prime factors of t?
23, 251
Suppose -5125 = -2*g - 5141, 3*g - 118018 = -2*d. List the prime factors of d.
59021
List the prime factors of (-4)/4*(127049/(-221) + (-2)/17).
5, 23
Let k = 889 - 543. List the prime factors of -3 + k + -4 - -1*3.
2, 3, 19
Let a = -12561 + 21872. What are the prime factors of a?
9311
Let z be (-19480)/6 + 6/(-18). Let k = -5422 - z. List the prime factors of (-4)/(-14) + 0 + k/(-7).
311
Let j(v) = -1801*v**3 + 8*v**2 - 4*v - 7. What are the prime factors of j(-2)?
7, 2063
Let g = 197 + -181. Suppose -43 - 677 = -g*n. What are the prime factors of n?
3, 5
Suppose 2*z - 81878 = 110*w - 106*w, 3*z - 5*w - 122814 = 0. List the prime factors of z.
40933
Let p(g) = 2*g - 4*g + 6 + 16 + 4*g + g**2. Let v be p(-5). Suppose -v*y - 640 = -41*y. What are the prime factors of y?
2, 5
Suppose 4*l + 19 = -5*n, -144*l - 4*n = -149*l + 7. List the prime factors of 682 - (-5)/1*l.
677
Let a(b) = b**2 - 18*b + 17. Let j be (34/(-8) + -1)/((-1)/4). What are the prime factors of a(j)?
2, 5
Let u(r) = -425*r**3 + r**2 + 2*r + 2. Let l be u(-1). Suppose 0*j + l = -6*j. Let i = 56 - j. List the prime factors of i.
127
Suppose 60*w + 12*w = -620459 + 2041883. List the prime factors of w.
2, 9871
Let w(n) = 1377*n - 3175. What are the prime factors of w(15)?
2, 5, 19, 23
List the prime factors of ((-12)/(-10))/((-9)/2790*-6).
2, 31
Let s(t) = -t**2 - 26*t - 94. Let x be s(-4). What are the prime factors of -5*(x/20)/((-39)/(-5408))?
2, 13
Suppose 4*b - 75*k + 73*k - 7778 = 0, 0 = 2*b + 3*k - 3901. List the prime factors of b.
2, 7, 139
